e the prime factors of a?
281
Let v = 10830 - -2336. What are the prime factors of v?
2, 29, 227
Suppose -9*k + 36 = -0*k. Suppose 1604 = k*s + 4*i, 0*s + 5*i + 431 = s. List the prime factors of s.
2, 7, 29
Let p = 137086 - 89266. List the prime factors of p.
2, 3, 5, 797
Suppose -2*p - 10 = 0, o + 2*p + 0 = 60. Let q = 34 + o. Let l = q + -5. What are the prime factors of l?
3, 11
Suppose 1005 = -3*b + 3*k, 4*k = 32*b - 33*b - 310. Let a = b + 1027. List the prime factors of a.
17, 41
Suppose -2*k + 2 = 0, 0 = 3*g - k - 913 + 68. Suppose f - 4 = -1. Suppose -f*x + 696 = g. What are the prime factors of x?
2, 3, 23
Let c be (-11)/(-22) + 5/2. Suppose -c*l + 698 = 2*d + 2*d, 0 = -4*l + 4*d + 912. List the prime factors of l.
2, 5, 23
Suppose 7775 = 9*y + 35531. Let s be ((-3)/(-6))/(y/1544 - -2). Suppose 3*o = -2*u + s, 3*u - 74 = 2*u + 3*o. What are the prime factors of u?
89
Suppose -4 + 4 = -2*f. Suppose 4*q + 28 + 40 = f. Let x = 127 + q. List the prime factors of x.
2, 5, 11
Let k = -2586 - -9155. List the prime factors of k.
6569
Let k(m) be the second derivative of 5*m**3/3 - 9*m**2 + m. Let l be k(6). Suppose -l = -2*p + 138. What are the prime factors of p?
2, 3, 5
Let o be (9 + -1)*2/4. Suppose 0 = 5*b + 3*g - 1509, -o*b - 4*g - g = -1202. List the prime factors of b.
3, 101
Let f = 79 - 70. Let y(r) = 3*r - 9. Let l be y(f). List the prime factors of (-3)/l + 1874/12.
2, 3, 13
Let z be -3*(-1)/6 - (-77)/14. Suppose -2089 = -4*q - 3*h, z*q - 522 = 5*q - h. List the prime factors of q.
523
Let s = -5275 + 9175. What are the prime factors of s?
2, 3, 5, 13
Let p = 249 - -108. Let o = 10 + 80. Suppose 0 = -93*g + o*g + p. List the prime factors of g.
7, 17
Let p(g) = 8*g. Let v be p(1). Suppose -5*a = -2*d - v*a + 804, -4*d + 2*a = -1624. What are the prime factors of d?
3, 5
Suppose -2*s + 4*z = -16, -8 = s - 4*z - 20. List the prime factors of (-336)/((-24)/s) + -7.
7
Suppose -a - 4*a + 270 = 0. Suppose a*m - 49*m - 1840 = 0. Let c = m + -210. List the prime factors of c.
2, 79
Let h be 12/(-4) - -6 - -4047. Suppose -10*u + h = -4580. What are the prime factors of u?
863
Let j = -56 + 91. Suppose 22 = w + 2*k, -2*w - 2*k + 7*k + j = 0. What are the prime factors of 74/10*50/w*4?
2, 37
Suppose -3*b = 2*i - 178183, -5*i - 45*b = -50*b - 445520. What are the prime factors of i?
139, 641
Let h = 10 + -13. Let r(p) = -10*p**3 - 3*p**2 - 6*p - 10. List the prime factors of r(h).
251
Let b = 60 - -41. Suppose -7*a - 400 = -1744. Let q = a - b. List the prime factors of q.
7, 13
Suppose 3*d + u - 157 = 0, -2*u - 25 = 3*u. Suppose 0 = w + 5*w - d. Suppose 0 = 4*n - 2*f - 378, 2*n + 3*f - 176 = w. List the prime factors of n.
2, 47
Suppose -2*o - 3*h = -0*o + 2505, -o - 3*h = 1251. Let r = o - -2287. What are the prime factors of r?
1033
Let o be 150/60*(-5556)/(-10). Let g = o + -903. What are the prime factors of g?
2, 3
Suppose 2*i = -l + 11045, 71*l + 5*i = 66*l + 55245. List the prime factors of l.
7, 1579
What are the prime factors of 20*(-586397)/(-304) + -1*10/(-8)?
2, 3, 5, 643
Let v = -28 + 364. Suppose 4*d = 11*d - v. Suppose -5*l - 3*o + 113 = -o, -2*l = -2*o - d. List the prime factors of l.
23
Let i be 3 - (10/(-2) + -11281). Suppose -12*k - 2769 + i = 0. List the prime factors of k.
2, 5, 71
Let i(w) = -w**2 + 27*w - 20. Let g be i(13). Suppose 16*v - g = 13*v. Suppose 3*k = -3*a - 0*a + v, 4*k = 5*a - 63. What are the prime factors of a?
3, 5
Suppose 21802 = -65*l - 21683. Let m = l + 1954. What are the prime factors of m?
5, 257
Let n = -108 - -94. List the prime factors of (977 - 4) + n/2.
2, 3, 7, 23
List the prime factors of (-11226556)/(-308) + (-1)/(-7).
2, 3, 5
Let j = 79 + -66. Suppose 5*k = 4*c + 14, 5*k - c - j = 2*c. Suppose -z - 4*q + 43 = -81, -248 = -k*z + q. List the prime factors of z.
2, 31
Let n = 205 + -99. Let v = -32 + n. List the prime factors of v.
2, 37
Suppose 9*f = -4*a + 7*f + 43780, 11*a = 2*f + 120335. What are the prime factors of a?
3, 7, 521
Let v = -100 - -104. Suppose -k + v*t = -29, -29 = -k - 5*t + 3*t. What are the prime factors of k?
29
Let z = -9574 + 14778. Suppose -15*b + z + 496 = 0. List the prime factors of b.
2, 5, 19
Suppose 11*l - 8*l = -2*f + 1905, 0 = 2*l - f - 1270. Suppose 6*t = 2*t + 3200. Suppose c = -4*o + l, -5*o - c = -6*c - t. What are the prime factors of o?
3, 53
Let n(a) be the second derivative of a**3/6 + 181*a**2/2 - 4*a + 35. What are the prime factors of n(39)?
2, 5, 11
Let l(v) = v**2 + 11*v - 10. Let n be l(-12). Let y be -4*(-3)/4 + n. Suppose -3*m + 183 = 4*s, 4*s - y*m = 2*s + 111. What are the prime factors of s?
2, 3
Let m be -4*(305/20 - 2). Let i(b) = -164*b**3 - 3*b**2 + 2. Let y be i(-1). Let r = y + m. List the prime factors of r.
2, 5, 11
Suppose -68*q = 4*q + 64*q - 1347488. What are the prime factors of q?
2, 2477
Let u(a) = 35*a + 20. Let m(t) = 159*t + 51*t + 65 + 55. Let r(d) = -6*m(d) + 35*u(d). List the prime factors of r(-5).
5, 31
Let o(d) = -d**2 + 8*d - 9. Let p be o(6). Suppose -1743 = -0*x - p*x. List the prime factors of x.
7, 83
Suppose 20*b - 138186 = 33*b - 31*b. What are the prime factors of b?
3, 853
Let i = 164 - -559. Suppose -3*f + i + 252 = 0. Suppose f = 11*n - 93. What are the prime factors of n?
2, 19
Suppose k - 104 + 3798 = -w, 5*w + 7385 = -2*k. Let f = -1818 - k. List the prime factors of f.
1877
Suppose 5*z - 8 = 3*z. Let y be ((-15)/10 + 1)*z. List the prime factors of 1140/7 + y/(-14).
163
Let k = 27293 + -3404. List the prime factors of k.
3, 7963
Let l be (-2573)/(-7) + 6*12/(-126). What are the prime factors of (65 + -67)*l*-1?
2, 367
Suppose 4*o + 4*d + 11 = 31, -d = -5*o + 13. Suppose 3*l = -4*a - 25, 2*l + o*a = 7 - 22. What are the prime factors of (0 + -74)*l/6?
5, 37
Let p(l) = 130*l**3 + 4*l**2 - 23*l + 3. Let h be p(3). Suppose 16*d + h = 15528. What are the prime factors of d?
3, 251
Let t be (28 - 14) + 3 + -2. Let o = -65 + 115. Let k = t + o. List the prime factors of k.
5, 13
Let i(x) = -x**3 - 8*x**2 + 12*x + 30. Let j be i(-7). Let d = 113 + j. Suppose 13*v - 483 = d*v. List the prime factors of v.
7, 23
Let f be 18/9 + 20/(-2). Let m be (-528)/3*(-4)/f. Let n = -10 - m. What are the prime factors of n?
2, 3, 13
Let m(y) = -1447*y - 1479. What are the prime factors of m(-7)?
2, 5, 173
Let n(y) = 2*y**3 - y**2 - y - 1. Let h(z) = -10*z**3 + 12*z**2 + 9*z - 4. Let f(o) = -h(o) - 6*n(o). What are the prime factors of f(-5)?
5
Let v = 22627 - 7450. What are the prime factors of v?
3, 5059
Let m = 15 + -13. Suppose -24 = -m*l - 4*b, 0 = l + 3*l + 3*b - 23. What are the prime factors of ((-63)/35)/(l/(-70))?
3, 7
Let v = 762 + -1907. Let c = -812 - v. What are the prime factors of c?
3, 37
Let t = 0 - -20. Suppose 2*n - 3*a - a - 218 = 0, 0 = 4*a - t. What are the prime factors of n?
7, 17
Let y(g) = -17*g**2 - 11*g - 4. Let x be 27/36 - (-19)/(-4). Let a be y(x). Let w = -142 - a. What are the prime factors of w?
2, 3, 5
Let b(g) be the first derivative of 25 - 2/3*g**3 - g**2 + 3*g + 17/4*g**4. List the prime factors of b(2).
127
Let x(f) be the first derivative of f**4/4 + 2*f**3/3 + 6*f - 10. Let p be x(0). Let n = 10 - p. What are the prime factors of n?
2
Suppose -5*h + 1 = 41. Let j(t) = 8*t**3 - 2*t**2 - 3*t + 3. Let u be j(3). Let f = u + h. What are the prime factors of f?
2, 23
Suppose -12*f = -25*f + 20462. List the prime factors of f.
2, 787
Suppose 4*y + u = 96, 0*y + 96 = 4*y - 4*u. List the prime factors of 4 + (-145)/40 + 11823/y.
17, 29
Suppose q = f + f + 22794, 5*f - 45651 = -2*q. List the prime factors of q.
2, 2851
Let v(y) = -5*y + 35. Let x be v(7). Let u be (-2)/(-3)*-3 + 98. Suppose -5*m + 3*m - 2*o + u = x, 2*m - 4*o = 108. What are the prime factors of m?
2, 5
Let h(o) = 56*o - 1. Let s be h(1). Let n = s + -53. Suppose -g = -f - 20, g - n*g + 10 = -3*f. What are the prime factors of g?
5
Let x(r) = -r**2 - 23*r + 82. Let k be x(-21). Suppose -5*l + 248 = 2*i, 0 = -i - 3*l - l + k. List the prime factors of i.
2, 31
Let o = -8 + -54. Let b = 96 + o. Let u = 50 - b. List the prime factors of u.
2
What are the prime factors of (4/(-3)*72/64)/(2/(-5644))?
3, 17, 83
Suppose -p = -32*i + 36*i - 3383, -p - 2*i = -3383. List the prime factors of p.
17, 199
Let p = 741 + -493. List t